 1078227?
423
Calculate the highest common factor of 224 and 118736464.
112
Calculate the greatest common divisor of 66410 and 580.
290
What is the greatest common factor of 17107168 and 10608?
3536
What is the highest common factor of 2508 and 26285688?
132
What is the highest common divisor of 53976 and 8486688?
4152
Calculate the greatest common divisor of 925 and 11828650.
25
What is the greatest common divisor of 395974 and 5254?
74
What is the highest common divisor of 113265 and 64931049?
7551
What is the greatest common factor of 4428396 and 308?
28
What is the greatest common divisor of 150779457 and 989?
43
Calculate the highest common factor of 5754361 and 587.
587
Calculate the highest common factor of 33315 and 14190.
15
Calculate the greatest common factor of 108899 and 3144169.
2317
Calculate the greatest common divisor of 2107452 and 1212.
12
Calculate the greatest common factor of 26 and 1459523.
13
Calculate the highest common factor of 3660 and 116709348.
732
What is the highest common divisor of 340893 and 27?
9
Calculate the greatest common divisor of 34214166 and 21.
21
Calculate the greatest common divisor of 107 and 1279796505.
107
What is the highest common divisor of 23224220 and 2920?
1460
Calculate the greatest common divisor of 15889055 and 235.
235
What is the highest common divisor of 7760 and 129409640?
3880
What is the greatest common factor of 1792276 and 1836?
68
What is the greatest common factor of 4453713 and 165?
33
What is the greatest common factor of 225 and 1303767?
9
Calculate the greatest common divisor of 3784 and 24093674.
946
What is the greatest common divisor of 8191768 and 2193358?
12118
What is the greatest common factor of 297696 and 343?
7
What is the highest common divisor of 16255 and 12210?
5
What is the highest common factor of 29798 and 324608?
634
Calculate the highest common divisor of 253320 and 21900.
60
Calculate the greatest common factor of 3741 and 113448.
87
Calculate the greatest common divisor of 682 and 31506134.
22
Calculate the greatest common factor of 9378471 and 2564.
641
Calculate the greatest common divisor of 257577 and 330.
3
Calculate the greatest common factor of 324975 and 174375.
75
Calculate the greatest common factor of 798 and 62307042.
798
What is the greatest common factor of 45111496 and 166?
166
What is the greatest common divisor of 18275 and 755123?
731
Calculate the greatest common divisor of 17529026 and 1786.
94
Calculate the highest common divisor of 21 and 47757472.
7
What is the greatest common factor of 79613 and 793?
1
Calculate the greatest common divisor of 1499058 and 115034.
226
What is the greatest common divisor of 7794293 and 2301?
13
What is the highest common factor of 5000 and 2262350?
50
Calculate the greatest common factor of 4022268 and 2652.
204
Calculate the highest common factor of 23214 and 377466.
318
Calculate the greatest common divisor of 211775 and 1059950.
1075
Calculate the highest common divisor of 135 and 3503205.
45
What is the highest common divisor of 475 and 4725585?
95
Calculate the greatest common factor of 3110919 and 8337.
21
Calculate the highest common divisor of 137074 and 180229.
7
Calculate the greatest common divisor of 9313525 and 12610.
65
Calculate the highest common divisor of 68200 and 43806224.
2728
Calculate the greatest common factor of 522 and 47430486.
522
Calculate the highest common factor of 4748 and 23676.
4
Calculate the greatest common factor of 892194 and 1032.
6
What is the highest common divisor of 395750014 and 916?
458
What is the highest common factor of 1611 and 13581267?
537
What is the greatest common factor of 1333816851 and 69?
69
Calculate the greatest common divisor of 26379752 and 4.
4
What is the greatest common factor of 1207 and 181679?
17
What is the highest common divisor of 84893842 and 110?
22
Calculate the highest common factor of 25785 and 139320.
135
Calculate the highest common factor of 103698 and 1488.
6
Calculate the greatest common factor of 10552 and 512463156.
5276
What is the greatest common factor of 432 and 699777360?
432
What is the greatest common divisor of 579450230 and 40?
10
Calculate the highest common divisor of 552 and 1979160.
24
What is the highest common factor of 214530610 and 10?
10
What is the greatest common divisor of 42 and 327166378?
14
What is the greatest common factor of 112 and 30097872?
112
Calculate the highest common divisor of 21 and 27005083.
7
Calculate the greatest common factor of 281138 and 58630.
286
What is the greatest common factor of 690 and 4035350?
230
What is the greatest common divisor of 2186582 and 4?
2
What is the greatest common factor of 84518 and 4508?
14
What is the greatest common divisor of 420 and 204622635?
105
Calculate the greatest common factor of 23 and 197929375.
23
What is the greatest common divisor of 1419 and 14690821?
43
What is the highest common factor of 8134909 and 26747?
3821
What is the highest common divisor of 2718460 and 420?
20
Calculate the greatest common divisor of 5322330 and 26.
26
Calculate the greatest common factor of 10033504 and 813.
271
What is the highest common factor of 4403905 and 880?
55
Calculate the highest common divisor of 151485445 and 2932.
733
Calculate the greatest common factor of 30 and 787325.
5
Calculate the highest common divisor of 9537 and 312411.
33
What is the greatest common divisor of 144 and 11844048?
48
What is the highest common factor of 26368389 and 270?
27
What is the greatest common factor of 524 and 4674866?
262
What is the highest common factor of 56 and 8532132?
28
What is the highest common divisor of 1617 and 33846?
3
What is the greatest common factor of 15256 and 5376?
8
Calculate the greatest common factor of 474 and 1150188.
6
What is the greatest common factor of 3437 and 1581937679?
3437
What is the highest common divisor of 136 and 134045?
17
What is the highest common divisor of 7334 and 546925716?
7334
Calculate the highest common factor of 7489007 and 1743.
83
What is the highest common divisor of 4600644 and 96?
12
What is the highest common factor of 13109870 and 20?
10
What is the greatest common factor of 130876076 and 1324?
1324
Calculate the highest common factor of 142780 and 396.
44
Calculate the greatest common factor of 84 and 232560132.
84
What is the greatest common factor of 123181 and 568861?
619
What is the greatest common factor of 13935937 and 1?
1
Calculate the greatest common factor of 3528071132 and 68.
68
What is the greatest common factor of 3705141 and 6171?
363
What is the highest common factor of 11095152 and 51?
51
Calculate the greatest common divisor of 12266030 and 1890.
70
Calculate the greatest common factor of 3802652328 and 151.
151
What is the highest common divisor of 7282 and 13076486?
662
What is the highest common factor of 49973 and 107793?
413
Calculate the greatest common divisor of 2909581 and 15.
1
What is the highest common divisor of 118 and 12555967?
59
Calculate the highest common factor of 3242087 and 153.
17
What is the greatest common factor of 3328790 and 15334?
82
Calculate the greatest common divisor of 276 and 27735378.
138
Calculate the greatest common factor of 601026750 and 675.
675
Calculate the greatest common divisor of 140 and 46449830.
70
What is the greatest common divisor of 18832 and 13524544?
176
What is the highest common factor of 3280 and 101120?
80
What is the greatest common factor of 18825 and 854025?
75
Calculate the greatest common divisor of 318 and 2118304.
106
What is the greatest common factor of 11656 and 188795146?
2914
What is the highest common factor of 924 and 8575028?
308
What is the highest common divisor of 8600 and 5417656?
344
What is the greatest common factor of 74 and 526747022?
74
Calculate the greatest common factor of 132 and 18504204.
12
Calculate the highest common divisor of 55 and 60576885.
5
Calculate the highest common divisor of 482 and 46089563.
241
What is the highest common factor of 10555743 and 57?
3
Calculate the highest common divisor of 77818 and 260104.
1066
Calculate the greatest common factor of 1502507400 and 8.
8
What is the greatest common factor of 587 and 349307851?
587
Calculate the greatest common divisor o